131318537 a multiple of 8?
False
Does 6036 divide 90677052?
False
Is 16816128 a multiple of 21?
True
Does 1068 divide 27822468?
True
Is 774 a factor of 55607256?
True
Is 55831818 a multiple of 1239?
True
Is 13583638 a multiple of 49?
False
Does 1282 divide 35205002?
True
Does 10 divide 20515229?
False
Is 596 a factor of 34076300?
True
Is 88 a factor of 10504912?
True
Does 275 divide 7403000?
True
Is 1000137 a multiple of 104?
False
Is 1530011664 a multiple of 16?
True
Is 153 a factor of 220309921?
False
Is 36407250 a multiple of 33?
True
Is 625 a factor of 129164716?
False
Is 9 a factor of 253457008?
False
Is 461 a factor of 54439490?
True
Does 38 divide 22168128?
False
Does 8 divide 97815920?
True
Is 484 a factor of 348433052?
True
Is 16 a factor of 12226506?
False
Is 258 a factor of 12126295?
False
Is 6 a factor of 6796919?
False
Does 15 divide 65183310?
True
Does 53 divide 727528884?
False
Does 4441 divide 228556065?
True
Does 4544 divide 643874540?
False
Is 8 a factor of 2567976?
True
Is 70925775 a multiple of 11?
False
Is 231 a factor of 1519610309?
False
Is 230067994 a multiple of 1026?
False
Does 21 divide 136091486?
False
Is 4 a factor of 1006716?
True
Is 294665965 a multiple of 17?
False
Is 2544421320 a multiple of 104?
False
Is 480 a factor of 50494674?
False
Does 95 divide 47925455?
False
Is 316518650 a multiple of 265?
True
Is 105380067 a multiple of 13?
True
Does 1301 divide 64412510?
True
Does 712 divide 44576184?
True
Does 12 divide 120779750?
False
Does 21 divide 1634481?
False
Is 3643958 a multiple of 118?
True
Is 975 a factor of 151103550?
True
Does 154 divide 27329148?
True
Does 44 divide 17843144?
True
Is 76871606 a multiple of 19?
True
Does 1088 divide 278475043?
False
Is 50346748 a multiple of 4?
True
Is 583541857 a multiple of 2980?
False
Is 49 a factor of 51852699?
False
Does 5 divide 1117761290?
True
Is 3 a factor of 1179801?
True
Does 1625 divide 184929875?
True
Is 3 a factor of 1241676?
True
Does 1847 divide 1280386575?
True
Is 10512288 a multiple of 12?
True
Is 21 a factor of 18837147?
True
Is 22302340 a multiple of 10?
True
Is 2800325 a multiple of 25?
True
Is 31573758 a multiple of 8?
False
Is 273705825 a multiple of 75?
True
Does 1888 divide 76832160?
True
Does 5281 divide 640310688?
True
Does 39 divide 28163271?
False
Is 39740458 a multiple of 17?
True
Is 2105306 a multiple of 14?
True
Is 1345821965 a multiple of 95?
True
Is 2142 a factor of 628439238?
True
Is 365 a factor of 107095477?
False
Is 1889 a factor of 179019997?
False
Is 1442541375 a multiple of 1375?
True
Is 198303028 a multiple of 187?
True
Is 1903 a factor of 489152031?
False
Is 450 a factor of 22725163?
False
Is 1686 a factor of 2362096116?
True
Does 36 divide 18348564?
False
Is 2729974 a multiple of 10?
False
Does 141 divide 25877947?
False
Is 124933895 a multiple of 299?
False
Does 16 divide 23722187?
False
Is 52 a factor of 5713292?
True
Does 17 divide 5655623?
False
Is 5 a factor of 6638644?
False
Is 12968867 a multiple of 78?
False
Is 11926176 a multiple of 4?
True
Is 1020 a factor of 365860808?
False
Does 2527 divide 354528796?
False
Is 10 a factor of 416820150?
True
Is 16 a factor of 1204422770?
False
Does 49 divide 295732934?
True
Is 124 a factor of 8104144?
True
Does 8 divide 10009880?
True
Is 178 a factor of 143139559?
False
Does 28 divide 1507870069?
False
Is 4362344690 a multiple of 55?
True
Does 163 divide 313489419?
False
Is 76 a factor of 28151008?
True
Is 15 a factor of 739575?
True
Is 40 a factor of 597661939?
False
Does 706 divide 520342092?
False
Does 3 divide 6756749?
False
Does 2011 divide 52570375?
False
Does 23 divide 413720160?
False
Is 1926 a factor of 18248850?
True
Does 274 divide 4617854?
False
Is 5 a factor of 122398060?
True
Is 26354869 a multiple of 18?
False
Is 53077923 a multiple of 115?
False
Is 109944260 a multiple of 20?
True
Does 74 divide 203857517?
False
Is 2585083325 a multiple of 25?
True
Is 806320340 a multiple of 20?
True
Does 2565 divide 575387106?
False
Is 9 a factor of 303964708?
False
Is 454 a factor of 1552027913?
False
Is 22389473 a multiple of 25?
False
Is 30 a factor of 61097790?
True
Does 1521 divide 1615100636?
False
Is 223 a factor of 41135026?
True
Is 24 a factor of 990343992?
True
Is 45865569 a multiple of 384?
False
Does 80 divide 91498000?
True
Is 52 a factor of 46768825?
False
Is 87207960 a multiple of 510?
True
Is 25 a factor of 235201918?
False
Does 431 divide 21059044?
False
Is 710 a factor of 36118830?
False
Is 4624016916 a multiple of 31?
True
Does 136 divide 71535177?
False
Is 6597966 a multiple of 1761?
False
Is 2729930 a multiple of 172?
False
Is 14 a factor of 6349066206?
True
Is 7460880 a multiple of 134?
False
Is 27 a factor of 177183369?
True
Does 8539 divide 2157671453?
False
Is 168207788 a multiple of 134?
True
Is 5 a factor of 8191313?
False
Is 129015000 a multiple of 9?
True
Is 35 a factor of 21661465?
True
Is 107199729 a multiple of 819?
True
Does 74 divide 132301085?
False
Is 108106951 a multiple of 4085?
False
Is 30 a factor of 34948470?
True
Is 837464430 a multiple of 110?
True
Is 4 a factor of 913600528?
True
Is 310473960 a multiple of 24?
True
Does 1734 divide 188817222?
False
Is 293365183 a multiple of 611?
False
Does 24 divide 105426915?
False
Does 3 divide 45503539?
False
Does 33 divide 122993277?
True
Is 29506064 a multiple of 7?
True
Is 14 a factor of 3765259912?
False
Does 164 divide 388480248?
True
Is 4946157216 a multiple of 352?
True
Is 148755661 a multiple of 490?
False
Is 7569 a factor of 5432604336?
True
Is 51332110 a multiple of 19?
True
Is 881936752 a multiple of 664?
True
Does 1777 divide 25462633?
True
Does 102 divide 219736013?
False
Is 48910191 a multiple of 827?
False
Does 21 divide 332417022?
True
Is 25473758 a multiple of 10?
False
Is 119245475 a multiple of 792?
False
Is 261567755 a multiple of 8?
False
Is 277767418 a multiple of 17?
False
Is 458 a factor of 21799896?
False
Is 221 a factor of 18580354?
True
Is 3549 a factor of 532591332?
True
Does 58 divide 1681693586?
True
Is 2418 a factor of 47771950?
False
Is 74409215 a multiple of 136?
False
Is 2 a factor of 55959805?
False
Does 51 divide 296763288?
True
Is 290 a factor of 112041038?
False
Does 7 divide 7462836?
False
Is 4 a factor of 281700653?
False
Is 233 a factor of 5201332?
False
Is 101 a factor of 463357910?
False
Is 23 a factor of 270577451?
True
Is 1392018759 a multiple of 13?
False
Is 153 a factor of 72307035?
True
Does 146 divide 2811511926?
True
Does 412 divide 8998492?
True
Is 19 a factor of 2209111596?
False
Is 3591088602 a multiple of 5026?
False
Does 402 divide 352640244?
False
Is 45 a factor of 36586485?
True
Is 10 a factor of 5432680?
True
Is 2437 a factor of 21672888?
False
Does 11 divide 21269732?
True
Is 127 a factor of 616486956?
True
Does 10 divide 51718166?
False
Is 10 a factor of 1901924569?
False
Does 192 divide 152818062?
False
Is 186392684 a multiple of 26?
False
Is 68 a factor of 313258120?
False
Does 850 divide 528916590?
False
Does 51 divide 138335664?
True
Is 11 a factor of 418451529?
False
Is 40 a factor of 33813480?
True
Is 22 a factor of 1317799?
False
Does 3333 divide 1030132531?
False
Is 66071744 a multiple of 1552?
True
Is 188 a factor of 5449804536?
True
Does 378 divide 802983132?
True
Is 5346266 a multiple of 29?
True
Is 99 a factor of 7455195?
True
Does 54 divide 98050662?
True
Is 941856 a multiple of 4?
True
Does 25 divide 9502499?
False
Is 39 a factor of 198954912?
True
Is 4 a factor of 38865980?
True
Does 502 divide 16190002?
True
Is 116276688 a multiple of 44?
True
Is 3415 a factor of 1219641120?
False
Is 92321030 a multiple of 15?
False
Does 8 divide 1192461624?
True
Does 30 divide 39832713?
False
Is 31 a factor of 19238352?
True
Does 991 divide 40322032?
False
Is 7140818516 a multiple of 2283?
False
Does 394 divide 47129467?
False
Is 418438867 a multiple of 293?
True
Is 108 a factor of 158758488?
True
Is 22846664 even?
True
Does 264 divide 1936875864?
True
Does 5 divide 5193216?
False
Is 33335556 a multiple of 807?
True
Is 59673389 a multiple of 26?
False
Is 610316814 a multiple of 573?
False
Is 11 a factor of 44035308?
False
Is 29 a factor of 12418583?
True
Is 35 a factor of 871365686?
False
Is 11 a factor of 19672433?
True
Is 87002494 a mul